lculate 2 - 6 - (4 - (0 - -2)).
-6
Evaluate -7 + -1 + 5 - 3.
-6
Calculate -1 + 2 + (6 - 3).
4
Calculate (-2 + 4 - 1) + 10 + -10.
1
Evaluate -3 + (1 - (1 - 2)).
-1
Calculate (-7 - (-8 + 0)) + -8.
-7
Evaluate (11 - (-6 + 0 + 12)) + -4.
1
What is -3 - ((-3 - 2) + 0 - -1)?
1
Calculate (4 - (5 + 0)) + 2.
1
Evaluate -8 - (-4 + -2) - -8.
6
-1 + (13 - (-1 - -8))
5
What is (-10 - -5) + 1 + 3?
-1
Evaluate 34 + -47 + -1 + 9.
-5
Evaluate -4 - (11 + -15) - 9.
-9
Evaluate 8 + (-1 - 5) + -7 + -1.
-6
What is 0 - -1 - (-4 + 5)?
0
Calculate -11 + 7 - (-3 + (-4 - -2)).
1
-6 + -1 + 14 + -8
-1
Evaluate 1 + -7 + (12 - 7).
-1
What is the value of (49 - 52) + 3 + (-2 - -1)?
-1
Calculate -1 - ((9 - 2) + -16 + 4).
4
What is -103 + 119 + -2 + -5?
9
What is the value of 5 + (-10 - -9) + 3?
7
6 + -3 + -3 + 5
5
Calculate -2 - (11 - (5 + (11 - 8))).
-5
What is the value of -1 + (7 - (9 + -2))?
-1
Evaluate 0 + 4 - 4 - (-3 + 0).
3
5 + (2 - (11 - 1))
-3
Evaluate -1 + -3 - (2 + -1 + -3).
-2
Calculate (11 - 5) + (0 - 3) + 2.
5
-3 + -7 + 3 + 3
-4
-11 + (7 + -2 - 4) - -3
-7
What is -3 - (-1 - 3 - 0)?
1
What is -1 + 5 + -1 + 0?
3
What is the value of 1 + (3 + 4 - 1) + -5?
2
4 + (4 + -7 + 1 - 0)
2
Calculate (6 - -1) + (-16 - -12).
3
What is 15 + -10 + (0 + 2 - 3)?
4
Evaluate -4 - -5 - 4 - -6.
3
8 + (4 + -7 - 0)
5
Calculate (0 - 8) + 7 + -2.
-3
What is 0 + (-2 - -9) + -12?
-5
Calculate -1 + (0 - -2) - (11 - 5).
-5
Evaluate 2 + (-1 - (2 - 0)) - 3.
-4
What is 10 + (-6 - -7) + -7?
4
Evaluate 0 - (5 + -8 + 7).
-4
What is the value of -10 + 14 - 8 - (3 + -1)?
-6
What is the value of 4 - (2 + 1 + (12 - 15))?
4
Evaluate -5 + (-1 + 7 - -3) - 8.
-4
Evaluate -2 + 8 + -2 + -2 - 4.
-2
Evaluate (-6 - -2) + (5 - 3) - 2.
-4
(-3 - -7) + 3 + -5
2
What is the value of 5 - 2 - (10 + -9)?
2
What is the value of 2 - -2 - (3 + -1 - 3)?
5
Calculate (-8 - (1 + -5)) + 2.
-2
What is 4 + 3 + 0 - 5?
2
Evaluate -8 - (0 + -13 - -4).
1
Calculate -2 - (4 + -10 + 10).
-6
0 - -2 - (15 - 17)
4
What is the value of (11 - 22) + 16 - (-1 - 3)?
9
Evaluate 0 + (-6 + 0 - (-13 + 8)).
-1
What is 0 + -6 + -5 + 7?
-4
What is 2 - (1 - (7 + (-7 - -4)))?
5
What is -2 - (0 - 4) - (-2 - -1)?
3
-6 - ((-14 - -16) + -2 + -11)
5
Evaluate 1 + 3 + -4 - (0 + 1).
-1
What is -5 - (6 + -11 - -4)?
-4
What is the value of 1 - (0 - (5 - 3))?
3
Evaluate (-8 - 1) + -80 + 84 - -2.
-3
What is the value of (64 - 76) + (-3 - -12)?
-3
What is -1 - (-5 - (-1 - 1))?
2
What is the value of -1 - 9 - (-10 - -7)?
-7
-5 + 7 + -7 + (-1 - 2)
-8
Evaluate 1 - (-9 - (-13 - -6)).
3
What is the value of -1 + (-14 - -11) + 9?
5
(-9 - -1) + (-12 - (-8 - 8))
-4
Calculate -3 - (-7 - 3) - 9.
-2
(-2 - 2) + (-2 - -5 - 4)
-5
-1 - (3 + -4) - 3
-3
What is (1 - 0) + 2 - (8 + -8)?
3
Calculate 0 - 2 - (-2 - -1).
-1
-6 - -2 - (2 + -1) - -4
-1
What is (3 - 9) + 15 + -4?
5
What is the value of -3 + (-2 - -9 - 4)?
0
What is the value of (0 - 3) + 2 - (-1 + 4)?
-4
What is -8 + 9 - (4 + 0)?
-3
1 - (2 + -3 + 5)
-3
What is (1 - 1) + 2 + (25 - 25)?
2
Evaluate -14 + 0 + -47 + 57.
-4
-23 + 27 + -2 + 0
2
2 - (1 - 0) - -1
2
Evaluate 9 + (-4 - (-8 - -8)).
5
Calculate 6 + (-8 - -8) + (-1 - 7).
-2
5 - (0 - (5 - (4 + 4)))
2
What is (5 - 4 - 0) + (0 - -2)?
3
11 - 18 - (0 + -1)
-6
What is the value of -13 - -15 - -4 - (1 - -1)?
4
2 + (-12 - -4 - -3)
-3
What is the value of -5 - (-2 + -4) - 1?
0
What is (2 - 4 - -5) + -2?
1
Evaluate -1 + 1 + 2 + (19 - 24).
-3
0 - (1 - -6) - -3
-4
Evaluate -2 - (-2 - -8 - 4 - 2).
-2
Calculate 1 + -4 + (51 - 43).
5
What is the value of -7 + -2 + (-1 - -3 - 0)?
-7
Calculate -4 + (6 - -2) - -1.
5
10 + -12 - (-1 + 1 + -1)
-1
Calculate (-5 + 10 - 2) + -2 - 0.
1
14 - 13 - (-2 + 8) - -11
6
What is -7 + 5 + 5 - 0?
3
2 + (0 - 6 - (1 - 5))
0
Calculate 5 + 2 + (6 - 17).
-4
3 + -3 + (12 - 6)
6
-2 + 0 - (-5 + 2)
1
Calculate -3 - (-4 - 2) - 0.
3
What is -6 + -13 + 28 + -4?
5
Evaluate -4 + 6 + -1 + 0.
1
What is the value of -1 + 0 + (6 - (2 - -2))?
1
-1 + -2 - (-7 + -2 + 3)
3
Evaluate 2 + (-5 - (-4 + 4 - 2)).
-1
What is the value of (0 - 3) + (-1 - -1) + -1?
-4
What is the value of -1 + -13 + (-6 - -11)?
-9
What is -5 - 1 - (2 + -5 + 1)?
-4
Calculate -2 + -2 + 13 + -5 - 5.
-1
Calculate -9 + 0 - -5 - 1.
-5
What is the value of -2 - ((2 - 4 - -2) + 1)?
-3
Calculate (-2 - 1) + -195 + 195.
-3
What is the value of 0 - (12 + 0 - 7)?
-5
2 + (0 - 0) - (89 - 85)
-2
-5 - (-3 + 3 + -6)
1
What is the value of -16 - (-1 + -2) - (-5 - 2)?
-6
-15 + -10 - -10 - -15
0
Evaluate (-1 + -4 + -2 - -1) + 2.
-4
Calculate -5 + (0 - (-5 + -1)).
1
What is 4 + (-6 - -4) + 0 + 3?
5
Evaluate -2 + (5 - (11 + -3)) + 4.
-1
3 - (2 - 1) - (1 + 1)
0
What is the value of (-77 - -86) + (0 - 3)?
6
What is -7 - 2 - (-5 + -7)?
3
(5 - 4) + 3 + -4
0
Evaluate (8 - 2) + (-14 - -15).
7
Evaluate -6 - (-11 - (-7 - -5)).
3
Evaluate (-2 - -5) + 4 + -4.
3
Calculate -1 - -2 - (-32 - -34) - 5.
-6
Calculate 12 + 0 + 1 + -8.
5
Evaluate (-5 - -2) + 2 + -5 + 10.
4
What is 13 + -16 + 7 - (1 + -1)?
4
What is the value of (7 - 7) + 1 + 3?
4
What is the value of -4 - (0 + (-4 - 0))?
0
What is the value of -5 - (1 - (2 - -2) - -3)?
-5
What is the value of 1 + -15 - (-8 + 2)?
-8
What is the value of (2 - -4) + 1 + -7 + 1?
1
What is the value of 2 - -1 - (7 - (4 - 0))?
0
-5 + (7 - (5 + -4))
1
Evaluate 3 + 3 + -5 + -4 + 0.
-3
Evaluate 7 - (-4 + (2 - -7)).
2
Evaluate 8 - (-19 - -20) - (-1 - -1).
7
What is the value of (2 - 1 - 0) + -5 + 5?
1
What is the value of (0 - (-4 - -3)) + -7 + 5?
-1
Evaluate 0 + (-5 + 14 - 10).
-1
What is the value of (4 - ((-7 - 4) + 7)) + -15?
-7
What is the value of 3 - (1 + (-5 - -4))?
3
Calculate 0 + 3 + (32 - 29) - 4.
2
-8 - (-4 + 3 + -9)
2
What is the value of 0 + 3 + -1 + 1 + -5?
-2
What is -10 - (1 + -5 + 2 + -2)?
-6
Calculate -9 + 6 + (-3 - (-4 - 3)).
1
What is 8 + -9 + 5 + 5?
9
Evaluate -4 - -1 - (3 + 2 - 8).
0
Evaluate 0 - (-1 - (10 - 12)).
-1
Calculate 5 + -10 - (-4 - (2 - 1)).
0
What is the value of -1 - (-1 + 2 + (3 - 6))?
1
Evaluate 3 + -3 + (-3 + 3 - -3).
3
Calculate 2 + 1 + 4 + -4 + -5.
-2
What is the value of -4 - (10 + -10 - -1)?
-5
(-2 - (-3 - 1)) + (4 - 2)
4
(-3 - (1 + -1)) + (-5 - -10)
2
Evaluate -9 + (19 - 9 - 5).
-4
(-17 + 6 - (2 - 7)) + 7
1
Calculate 7 - (0 + 2 + 8).
-3
Calculate -5 - (-2 + 2 - 3 - 4).
2
Calculate (-8 - -1) + 7 + -6 + 2.
-4
Evaluate (-10 - -15) + (-9 - (-3 + -1)).
0
What is the value of 17 + -14 - (1 - 1)?
3
What is the value of 7 - (-9 - -10) - 13?
-7
Evaluate 18 + -16 + -3 + 1.
0
Calculate -17 - -17 - (0 + 1 - -2).
-3
Evaluate -11 + 10 - 8 - -11.
2
Calculate (24 + -6 - 7) + -7.
4
-3 + -1 + 15 + -11
0
What is the value of 3 - ((-6 - -15) + -2)?
-4
Calculate 5 - (-4 + 10) - 4 - -11.
6
What is 2 - (6 + -2 - 1)?
-1
Calculate 1 + 1 + 2 - (-6 - -9).
1
What is the value of -3 - (10 + -5) - -4?
-4
Evaluate 0 + (-5 + 3 - -1).
-1
What is the value of (4 + 1 - (2 + 1)) + -2?
0
Evaluate 15 + -13 + (8 - 3).
7
What is the value of (2 + 5 - 0) + -4?
3
What is the value of -1 + -4 + -44 + 51?
2
What is the value of (11 - 15) + 1 + 6?
3
2 + (-5 - -4) + (1 - -3)
5
-2 - (-7 + 8 + -13 + 7)
3
What is the value of -5 + (-2 - (1 - -2 - 5))?
-5
Evaluate -4 - 1 - (43 - 44).
-4
19 - (15 + (-3 - -1))
6
Calculate 5 + -17 + (13 - 1).
0
Evaluate 8 + -1 + -18 - -7.
-4
Calculate (-5 - -8) + (16 - 23).
-4
Calculate 14 - 11 - (1 + 2).
0
What is the value of 1 + (-8 - 2) + 7 + -3?
-5
Calculate (-1 - -17) + -174 + 165.
7
What is the value of (0 - -1) + -1 - (6 - 1)?
-5
(2 - -3 - -1) + 1 + -2
5
What is the value of 4 - (14 + 0 - (4 + 3))?
-3
Evaluate -5 - 2 - (0 - (0 - -2)).
-5
Evaluate -3 - (-5 + -8) - 13.
-3
What is the value of (1 + 0 + -1 - 2) + 5?
3
Evaluate 3 + (-9 - ((-1 - 3) + 0)).
-2
What is (-4 - -4) + (2 - (-4 + 3))?
3
-1 + (-6 - -8) + -9 + 5
-3
Calculate (0 - 1) + -14 + 13.
-2
(14 - 15) + (-2 - -8)
5
Evaluate -31 + 25 - (3 - 6 - -2).
-5
Calculate 0 + -2 - -7 - 0.
5
Calculate 2 - (0 + -1 + 7 + 1).
-5
-3 + -1 + (-1 - -7)
2
What is 2 + 4 + -4 + 0 + -1?
1
Calculate (4 - 1) + -6 + 0.
-3
17 + -5 - 10 - 7
-5
What is 1 + 13 + 14 + -19?
9
What is the value of 9 - 9 - (-2 + 4 - -3)?
-5
What is (21 - 20) + -6 + 1?
-4
Evaluate 1 + 3 + (0 - 10).
-6
What is 5 - (-1 + (-2 - 1) + 4)?
5
(-3 - (4 - 8 - 1)) + -1
1
Evaluate -1 + 2 - (-4 + 1).
4
What is 0 + (-4 - -10) + 0 + -1?
5
What is the value of 0 + -1 + -10 + 1